 + 8. Let b(n) = y*h(n) + 11*j(n). Calculate b(7).
6
Suppose -1 = -3*p - 4. Let k(z) = -z - 1. Give k(p).
0
Let k be (45/(-10))/(1/(-6)). Let y be 1/(k/12 + -2). Let p(c) = 3*c**3 - 6*c**3 + 5*c**2 + 2*c**3 - 4*c + 2*c. Give p(y).
8
Let o = -2 + 8. Suppose -s = s - o. Let m(u) be the third derivative of -u**5/60 + u**4/12 + u**3/6 + 2*u**2. Calculate m(s).
-2
Let x(s) = s**3 + s**2 - s. Let y(k) = -4*k**3 - 2*k**2 + 4*k. Let c(m) = -5*x(m) - y(m). Let j = 10 - 13. Give c(j).
-3
Let m(g) = g**2 - 5*g - 6. Let s be (-14)/(-3) - 3/(-9). Let l be m(s). Let c(b) = -b**3 - 6*b**2 + b + 6. Calculate c(l).
0
Let r(j) = 0*j**2 + 0 + j**2 + 4 - 5*j. Suppose -7*z = -z - 24. Give r(z).
0
Let u(p) = -237*p**3 + 1 + 0 + 228*p**3 + 0 - 2*p + p**2. What is u(1)?
-9
Let q(v) = -20*v**2 + 5*v. Let i(w) = -21*w**2 + 6*w. Let o(u) = 5*i(u) - 6*q(u). Suppose -r + 4*r = 3. Calculate o(r).
15
Let b = 23 - 12. Let j(c) = -c**3 + 11*c**2 + c - 14. Calculate j(b).
-3
Let m be (-28)/(-6) - 10/15. Let z(t) = 0*t + 5*t - 4*t + m. Let u be z(-5). Let v(f) = 4*f**3 + 1. Determine v(u).
-3
Suppose -2*v - 6 + 1 = -f, v = -2. Let x(l) = -l + f + l + 6 - 2*l. Calculate x(5).
-3
Let l(u) = u**2 + 9*u - 14. Suppose 7*n + 55 = 2*n. Let s be l(n). Let o = 13 - s. Let p(k) = -k**2 + 6*k - 2. Give p(o).
3
Let q(z) be the third derivative of -z**4/6 + z**3/6 - z**2. Suppose -5*c = -3*b - 24, 3*b = -4*c - 1 + 4. What is q(c)?
-11
Let b(n) = n**3 + 5*n**2 - 2*n - 7. Let w be ((-5)/(-1))/(3/9). Let g = -20 + w. Give b(g).
3
Let m(p) = p**3 - 4*p + 3. Let g be m(2). Let a(f) = -3*f + 0*f + 2*f. What is a(g)?
-3
Let v(q) = q**3 - 9*q**2 - 9*q - 10. Let h = -92 - -102. Give v(h).
0
Let y(m) = 2*m**2 - m + 1. Let q be y(1). Let b(x) = -x**2 - x + 3*x**2 - q*x**2 + x**2. What is b(2)?
2
Let j(v) = -v - 4. Suppose -2*x = 2*x - 24. Give j(x).
-10
Let n(g) = -4*g - 3. Let c be (32/112)/((-1)/7). Give n(c).
5
Let g(m) = -3*m**3 + 2*m + 1. Suppose -6*j + 11*j + 20 = 0. Suppose -2*d - 3 = -n + 2, -4*n - 20 = 2*d. Let o = j - n. Calculate g(o).
2
Let d(v) be the third derivative of v**4/6 + 5*v**3/6 - 20*v**2. Determine d(4).
21
Suppose o + 4 = 13. Let x(q) = -6*q**2 + q**2 - q**3 - q + 6*q**2 + 0*q - o. Determine x(0).
-9
Let v(k) = k**3 + 7*k**2 + 5*k + 3. Let t = 13 - 19. Determine v(t).
9
Let h(i) = i + 9*i**2 + 2 - 6*i**2 + 2*i. Let w(g) = -2*g**2 - 4*g - 1. Let t(z) = -3*h(z) - 4*w(z). What is t(6)?
4
Let m(b) = 12*b**2 - b - 9*b**2 - 5 - b**3 - 8*b**2. Give m(-4).
-17
Suppose -4*t + 2*t + 8 = 0. Let a(l) = l**3 - 4*l**2 + 2*l. Determine a(t).
8
Let g(t) be the third derivative of t**6/120 - t**5/10 + t**4/12 + 7*t**3/6 + 2*t**2. What is g(5)?
-8
Let t(m) = 0 - 5 + 3*m - m**2 - 4*m**2 - m**3 + m. Suppose 0 = 3*j + 7 + 11. Calculate t(j).
7
Let y be (-3 - -2)*(0 + 4). Let d(i) be the second derivative of -i**5/20 - i**4/4 + 5*i**3/6 + 3*i**2 + i. What is d(y)?
2
Let t(s) = 3*s + 2*s - 11*s + 1 + 5*s. Determine t(2).
-1
Suppose 0 = 3*c + c. Let k(d) = d**2 + 4. What is k(c)?
4
Let p(o) = -3*o - 3. Suppose -5*w - u - 16 = 0, 5*w + u = -u - 17. What is p(w)?
6
Let m(k) = -3*k. Let t(u) = 6*u**2 - 2*u + 1. Let d be t(1). Suppose -d*h - 1 = -11. Determine m(h).
-6
Let l be (-3 + 0 - 0)*1. Let f be 4/3*l/(-2). Let p(o) = -3*o**f + 4*o + 7*o**2 - 3*o. Determine p(-1).
3
Let c be (-6)/(-3)*(-2)/(-2). Let d(x) = -c + 0*x**2 + 4 + 2 - 3*x**2 - x**3. Calculate d(-3).
4
Let s(r) = r + 4. Let c be 1/((-4)/(-12)) - 17. Let b = c - -11. Calculate s(b).
1
Let t = -3 + 8. Let y(r) = -2*r + 2*r**3 + 5*r**2 + r + 6 - 3*r**3. What is y(t)?
1
Let t(l) = -l**3 + 6*l**2 - l - 5. Let n(m) = m**3. Let y(q) = -2*n(q) - t(q). Determine y(-6).
-1
Let r = 1 + -1. Suppose r = -3*f + 6*f. Suppose -i - 5*x = -3*i + 20, -i + x + 7 = f. Let h(u) = -3*u + 6. Calculate h(i).
-9
Suppose 0 = -3*t + t + 12. Let j(v) = -4*v + 0 - 3 - 3*v + 8*v. Give j(t).
3
Let i be 12/(-6) - (1 + 1). Let w(d) = -2*d - 5. What is w(i)?
3
Let i(l) be the third derivative of -l**4/8 - l**3/3 + 9*l**2. Calculate i(-2).
4
Let i(d) = -d + 5. Let a be (7/(-14))/(1/(-12)). Let o be -1 + -11 + (0 - -1). Let v = a + o. Determine i(v).
10
Let n(z) = z + 9. Let r be n(-7). Let v(b) = -6*b + r*b**2 + 8 + b**3 - 6 + 2*b. Determine v(2).
10
Let i(m) = -3. Let o(y) = -y**3 - y**2 + y - 6. Let w be o(0). Let g(t) = t - 1. Let x(u) = w*g(u) + i(u). Let z be (2 - 6)*(-2)/4. Calculate x(z).
-9
Let m = 5 + 1. Let s(b) = b - m*b + 2*b + 5 - b**2. Suppose 4*h + 10 = -3*c, 0*c - 3*c + 18 = -3*h. What is s(h)?
1
Let v(t) = 6*t**3 - 36*t**2 - 5*t + 16. Let d(q) = q**3 - 7*q**2 - q + 3. Let o(g) = 11*d(g) - 2*v(g). Determine o(-5).
6
Let k(j) = -j**3 + 4*j**2 - 4*j. Let h be k(2). Let l(w) = -w**2 - w - 3. What is l(h)?
-3
Let v(y) = -y - 3. Let a be (1 + (-4)/6)*-9 + 0. Give v(a).
0
Let l(b) = 5*b**2 + 2*b - 1. Let x(p) = -6*p**2 - 3*p + 1. Let c(k) = 3*l(k) + 2*x(k). Determine c(-1).
2
Let i = -3 - -8. Let r(g) = 4*g + 4. Let z(x) = -3*x - 3. Let k(d) = 4*r(d) + 5*z(d). Give k(i).
6
Let x(r) = -2*r + 1 + 3*r - 2*r. Let n(u) = -u**3 + 12*u**2 + 2*u - 4. Let l be n(12). Let v be l/(-5)*(-10)/8. What is x(v)?
-4
Suppose i = -0*i + 2. Let q(k) = k**3 + 2*k**2 - 3*k + 3. Determine q(i).
13
Suppose 0*z - 9 = z + 2*f, z - 3*f + 4 = 0. Let c = -5 - z. Let r(p) = -3*p + 6*p**c + 3*p - 6*p - 1 - p**3. Calculate r(5).
-6
Let v(b) = b - 1. Let s be v(-1). Let o(d) = 4*d + 2. Determine o(s).
-6
Let t(y) = -y - 3. Let s(d) = -d. Let b(r) = -6*r - 3. Let i(q) = b(q) - 5*s(q). Let h(m) = 7*i(m) - 6*t(m). Determine h(5).
-8
Let z(t) = t**3 + 2*t**2 - t. Suppose 2*c = -2*j - 2, -3*c - 14 = -4*j - 4. Determine z(c).
2
Let l(s) = 5*s - 1. Let i be (5 + (-84)/20)*(-5)/2. Calculate l(i).
-11
Suppose -1 = 3*h - 16. Let z(v) = -v**3 + 4*v**2 + 5*v + 7. Determine z(h).
7
Let f be 2/((-26)/(-10) - 3). Let b(r) = -r**2 - r. Let a(o) = o**2 - 5*o - 4. Let n(d) = -a(d) - 2*b(d). What is n(f)?
-6
Suppose -7 = -16*p + 73. Let i(j) = j**2 - 3*j - 3. Calculate i(p).
7
Let v(h) = -h + 10. Let p = 1 - 10. Let r(d) = 4*d - 41. Let c(f) = p*v(f) - 2*r(f). What is c(4)?
-4
Let p(a) be the third derivative of -a**4/24 + 2*a**3/3 - a**2. Calculate p(7).
-3
Let f(q) = -7*q**3 + q + 1. Let t = 18 - 8. Suppose -2*z + 3 - 7 = 0, g - 5*z = t. Let r be (g + 1)*(3 + -4). Give f(r).
7
Let l(d) = 6*d**2 + 13*d - 3. Let o(p) = 3*p**2 + 7*p - 2. Let q(j) = -4*l(j) + 7*o(j). Calculate q(-2).
-8
Suppose -s = -v + 19, v - 7 = -3*s - 0*s. Let d = 2 - v. Let u be (-6)/(-21) + 4/d. Let f(k) = -k**2 - 4. Calculate f(u).
-4
Let v(c) be the first derivative of -c**3/3 - 4*c**2 + 6*c - 20. Give v(-8).
6
Let t(q) be the first derivative of q**4/4 + 5*q**3/3 + q**2/2 - q + 5. What is t(-4)?
11
Let b(o) be the second derivative of 2*o**5/5 - o**3/6 + 4*o. Determine b(-1).
-7
Suppose 2*j = -4*x + 3*j + 13, -4*x + 2*j + 10 = 0. Let y = 14 - 5. Suppose -y + x = h. Let r(i) = -i**3 - 6*i**2 - 6*i - 7. Determine r(h).
-2
Let n(l) = -5*l**3 - 7*l**2 + 8*l + 6. Let h(c) = -4*c**3 - 6*c**2 + 7*c + 5. Let z(w) = -6*h(w) + 5*n(w). Let x be 32/14 - 4/14. Give z(x).
-8
Let g(f) = 5*f**2 + f - 2. Let r(j) = 16*j**2 + 2*j - 5. Let i(o) = 8*g(o) - 3*r(o). Suppose 2 = 4*t - 2. Determine i(t).
-7
Let h(t) = -5*t**3 - 16*t**2 - 7*t + 9. Let a(g) = g**3 + 4*g**2 + 2*g - 2. Let m(j) = -9*a(j) - 2*h(j). Let r = 75 - 70. Determine m(r).
5
Suppose -3*s + 3*y - 6 = 0, 2*s + 4 = -s + 4*y. Let i(w) = w**3 + 3*w**2 - 4*w + 4. Determine i(s).
4
Let k(g) = -g**2 + 3*g - 1. Let x = -8 + 10. What is k(x)?
1
Let k(v) = -2*v**3 - 2*v + 5. Let g(y) = -y**3 + y**2 - 2*y + 5. Let c(t) = 3*g(t) - 2*k(t). Calculate c(-4).
-3
Let p(w) = -22*w**2 - w. Let f be ((-12)/(-8))/((-3)/2). Determine p(f).
-21
Suppose -5*c + d - 3*d = -17, 3*d - 3 = 0. Suppose -2 = l - c. Let g(i) = 9*i - 2. Let o(k) = -5*k + 1. Let n(m) = -4*g(m) - 7*o(m). Determine n(l).
0
Let m(x) = -x**3 + 5*x**2 - 6*x + 5. Let t be m(4). Let o(n) = 9*n**2 - 19*n + 8. Let r(w) = -4*w**2 + 9*w - 4. Let s(h) = t*o(h) - 7*r(h). Determine s(4).
-4
Let u(r) be the third derivative of -r**5/60 + 5*r**4/24 - 2*r**3/3 + 29*r**2. Give u(5).
-4
Let a(s) be the first derivative of -s**2/2 + 10*s + 1. Let g be a(8). Let u(y) = 3*y**2 + g - 8*y**2 + y + y**3 - 2*y**3. Calculate u(-5).
-3
Let p be ((-2)/7)/((-2)/14). Let 